6/(-45)) is divided by g?
2
Calculate the remainder when 1285 is divided by 6/(-16) - 49395/(-1480).
31
Let a = -54 + 66. What is the remainder when 550 is divided by a?
10
Suppose -6181*j + 21 = -6174*j. Suppose y - 3 - 5 = -w, -3*w + y = -40. What is the remainder when w is divided by j?
0
Suppose 2*n - 82 = -14. Calculate the remainder when 76 + (-5)/(((-34)/(-4))/17) is divided by n.
32
Suppose -40 = 676*y - 678*y. Calculate the remainder when y is divided by 17.
3
Let g(s) = 10*s**2 - 2*s + 27. What is the remainder when g(5) is divided by 30?
27
Let f = -176 + 252. Suppose -t + 10 = -3. Calculate the remainder when f is divided by t.
11
What is the remainder when (-354)/590 + -1 + 1813/5 is divided by 52?
49
Let m = 1715 - 1704. Calculate the remainder when 75 is divided by m.
9
Calculate the remainder when (-69)/2*(45/27 - 5) is divided by 29.
28
Let i = -7 + 8. Suppose -x - 3 + 17 = 0. What is the remainder when x is divided by ((-20)/(-8))/i*2?
4
Suppose -5*a + 7 = 2*a. What is the remainder when 25*a*(-150)/(-125) is divided by 8?
6
Suppose 224 - 16 = 26*m. Suppose -5*d + 22 = l + l, -5 = -5*l. Suppose 0 = d*z + 2*c - 86, -47 = 3*z - 5*z + 3*c. What is the remainder when z is divided by m?
6
Suppose 0*i + 2*i = 24. Let t = 12 - i. Suppose 0 = x - t*k - 3*k - 16, 5*k - 20 = -3*x. Calculate the remainder when 27 is divided by x.
7
Let f(k) = -7*k**2 + 60*k - 26. Calculate the remainder when 324 is divided by f(6).
78
Suppose -7*c - 118 = -4*k - 5*c, -94 = -3*k - 4*c. Calculate the remainder when 58 is divided by k.
28
Let g = 704 - 622. What is the remainder when 91 is divided by g?
9
Let c = 6 - 3. Suppose -7*m = 4*q - c*m - 36, 0 = -2*q - 3*m + 23. Let d(w) = -10*w. Calculate the remainder when d(-1) is divided by q.
2
Let m(b) = -b**3 + 36*b + 77. What is the remainder when m(-6) is divided by 50?
27
Let o be (-266)/(-19) + (-2)/(-1)*-1. Suppose 0 = 7*g - o*g + 135. What is the remainder when g is divided by 11?
5
Suppose 0 = 15*c - 302 + 62. Calculate the remainder when c is divided by 10.
6
Suppose t = -w + 2*w + 1, 4*t = -3*w - 10. Calculate the remainder when ((-7)/7)/(t/33) is divided by 12.
9
Suppose -4*p = -9 - 11. Suppose 0 = t - p, -39 - 73 = -4*n - 4*t. Calculate the remainder when 60 is divided by n.
14
Suppose 3*a + g - 28 = 0, 40 = 6*a - a + 3*g. Calculate the remainder when a is divided by 1/(-10)*(28 - 16)*-5.
5
Suppose 5*z = 5*n + 10*z - 275, -n + 3*z = -67. Calculate the remainder when 440 is divided by n.
34
Let y = -398 + 402. Calculate the remainder when y is divided by 2.
0
Let r = 9 + 11. Suppose r = 4*a + a. Suppose 0 = -a*u + q + 234, -4*u - 3*q + 124 = -2*u. What is the remainder when u is divided by 15?
14
Let x(j) = j**3 + 20*j**2 - 48*j - 42. Calculate the remainder when x(-13) is divided by 34.
31
Let n(h) = -h + 58. What is the remainder when n(18) is divided by 14?
12
Suppose 66 = -0*a + 3*a. What is the remainder when a is divided by 12?
10
Suppose -3*g + 61 = 2*d, 4*g = 5*d + 8*g - 149. What is the remainder when 2/(-5) - 287/(-5) is divided by d?
28
Suppose -181 = -3*b - 28. Calculate the remainder when 559 is divided by b.
49
Suppose 0 = -6*u + 2*u + x - 34, 5*x + 46 = -4*u. Let o(q) = q + 28. What is the remainder when o(u) is divided by 4?
3
Suppose 0 = 3*a + 2*d - 323, -4*d = -3*a + a + 242. What is the remainder when a is divided by 19?
16
Let z(k) = -58*k - 36. Let x = -85 + 169. Calculate the remainder when x is divided by z(-1).
18
Suppose -6*t = t - 98. Let m = 18 - t. Suppose 52 = m*x - 40. What is the remainder when x is divided by 8?
7
Let i = -58 + 36. Let s = -30 - i. What is the remainder when (-372)/s*(-6)/(-9) is divided by 17?
14
Suppose -4*l = n - 392, -126 = -3*n - l + 1028. Let v = 274 - n. What is the remainder when v/1*8/(-16) is divided by 14?
13
Let p(m) = 26*m + 27*m - 54*m. Calculate the remainder when 94 is divided by p(-12).
10
Let l(v) = -1. Let b(u) be the first derivative of u**3/3 - u**2/2 - 5*u - 1. Let d(x) = b(x) - 5*l(x). What is the remainder when d(2) is divided by 1?
0
Let w be (1 - 19)/((-1)/(-3)*-3). Suppose 100 = -17*k + w*k. What is the remainder when k is divided by 35?
30
Suppose 250 = 3*p + 199. Let d = 33 + -22. Let n = p - d. Calculate the remainder when 11 is divided by n.
5
Let w = 1562 - 1330. Calculate the remainder when w is divided by 15.
7
Suppose -4*c = -4*t - c + 210, -46 = -t + 4*c. Suppose 320*u - 34*u - 2002 = 0. Calculate the remainder when t is divided by u.
5
Let u be 2254/10 + (-8)/20. Let v = -153 + u. What is the remainder when v is divided by 25?
22
Suppose -m - d = -2, -2*m + 7*m + 8 = 4*d. Suppose 0 = -m*c + c - 39. Let h = 678 + -664. What is the remainder when c is divided by h?
11
Let z(u) = u**3 - 12*u**2 - u + 14. Let m be 4/16 - (-9)/12. What is the remainder when z(12) is divided by (3 - (4 + m))/(-2)?
0
Let y(o) = -13*o - 11. Let a(b) = b + 1. Let r(p) = 5*a(p) + y(p). What is the remainder when r(-3) is divided by 12?
6
Let z = 48 - 45. Calculate the remainder when 162 is divided by 39 - 6/(z - 6).
39
Suppose x = -2*x + 36. Suppose k - x = -k. Let a = 0 + k. What is the remainder when 16 is divided by a?
4
Let k = 9 + -4. What is the remainder when -1*(-7 + (-14 - -8)) is divided by k?
3
Let i(k) = k**2 - 25*k + 26. Let w be i(24). Let z(x) = 9*x + 16. Calculate the remainder when 65 is divided by z(w).
31
Suppose -c - 33 = -56. Let p(q) = 44*q + 2. Calculate the remainder when p(2) is divided by c.
21
Let q = -97 - -126. Calculate the remainder when 173 is divided by q.
28
Let p be (12/(-2) - -3) + -49. Calculate the remainder when (2/4)/(26/364) is divided by p/(-14) + 4/14.
3
Suppose 0 = -6*x - 12 - 60. Let u(y) = y**2 + 2*y - 1. Calculate the remainder when (-420)/x - (1 - 5) is divided by u(3).
11
What is the remainder when 100/(-70) - (-2327)/7 is divided by 90?
61
Let k(m) = 7*m**2 + 28*m + 52. Calculate the remainder when 99 is divided by k(-2).
3
Let t(b) = b**3 - 33*b**2 + 3*b - 95. Calculate the remainder when 50 is divided by t(33).
2
Suppose 5*w - 307 = -4*k, 0 = -5*w - 2*k + 170 + 131. Suppose 5*s - 5*z + 3*z - 78 = 0, s + 3*z = 19. What is the remainder when w is divided by s?
11
Suppose -3*z = 55 + 428. Let j = 7 - z. Calculate the remainder when j is divided by 19.
16
Suppose 4*o - 175 = -3*i, 2*i - 5*o - 110 = -o. Suppose 0 = 5*r + 15, h - 21 = r - 2*r. Suppose -2*b = -4*b + h. Calculate the remainder when i is divided by b.
9
Suppose 2*o - 10 = 4*h, 2*h + 10 = 2*o + 7*h. Suppose o*d = -c + 18, 0 = -5*d + 4*c - c + 26. What is the remainder when 4 is divided by d?
0
Suppose -3*t - 47 = u - 300, -3*t + 233 = -4*u. Calculate the remainder when t is divided by 23.
14
Suppose 2 = 4*s - 3*s. Suppose s*g = -3*r + 164, -g - 5*r = -3*g + 196. What is the remainder when g is divided by 15?
13
Let a(t) be the second derivative of 0 + 7/2*t**2 - 9*t - 1/12*t**4 + 4/3*t**3. What is the remainder when a(7) is divided by 9?
5
Let n = 125 + -15. Let q = n + -97. What is the remainder when 35 is divided by q?
9
Suppose -62*s + 296 = -58*s. Calculate the remainder when s is divided by 38.
36
Suppose -b - 1605 = -5*y, -487 = -2*y - 4*b + 177. What is the remainder when y is divided by 17?
16
Let g(r) = -20*r - 9. Suppose -i + 2*i = 5*d + 3, -5*d + 3*i + 1 = 0. Let q be -3 - (d + 1)*1. Calculate the remainder when g(q) is divided by 13.
12
Suppose 14*o + 269 - 1123 = 0. Calculate the remainder when 791 is divided by o.
59
Let r(i) = 3*i**3 - 5*i**2 + 4*i - 2. Let f(t) = t**3 - 14*t**2 - 8*t - 88. Calculate the remainder when r(3) is divided by f(15).
12
Suppose 7*a + 49 - 238 = 0. Calculate the remainder when a is divided by 10.
7
Suppose 2*v - 2*k + 0*k = 20, -5*k + 22 = v. Calculate the remainder when v is divided by 2.
0
Calculate the remainder when 2744/16 + 9/6 is divided by 35.
33
Let o(l) = -2*l - l + 2*l - 4. Let x be o(6). What is the remainder when 34 is divided by (27/15)/((-1)/x)?
16
Let w = 1188 + -1175. Calculate the remainder when 130 is divided by w.
0
Let m = -13 - -33. Suppose -19 - 89 = -9*p. Calculate the remainder when m is divided by p.
8
Let g(w) = -28*w**3 - w - 1. Let p be g(-1). Suppose 12 = a - p. Calculate the remainder when a is divided by 14.
12
Suppose 0 = -30*p + 34*p - 664. What is the